{"id":76,"date":"2017-06-12T04:36:30","date_gmt":"2017-06-12T04:36:30","guid":{"rendered":"http:\/\/demo2.steelthemes.com\/gardenhub\/?page_id=76"},"modified":"2025-11-20T18:23:13","modified_gmt":"2025-11-20T17:23:13","slug":"team","status":"publish","type":"page","link":"https:\/\/wakeup.org.pl\/new\/team\/","title":{"rendered":"Nasz zesp\u00f3\u0142"},"content":{"rendered":"<div class=\"wpb-content-wrapper\"><p>[vc_row css=&#8221;.vc_custom_1496126818377{padding-top: 70px !important;}&#8221;][vc_column width=&#8221;1\/2&#8243;]<div class=\"fh-section-title clearfix  text-left style-1 version-dark\"><div class=\"container\"><h2>WAKE <span class=\"main-color\">UP<\/span><\/h2><\/div><\/div>[vc_column_text css=&#8221;.vc_custom_1762872481236{margin-top: 40px !important;padding-bottom: 20px !important;}&#8221;]<\/p>\n<div class=\"main-color\" style=\"font-size: 18px; font-weight: 500; font-family: 'Poppins', sans-serif;\">Organizujemy niebanalne wydarzenia. Nasze flagowe eventy to Wielonek Triathlon Challenge oraz Wielonek Trail Festival.<\/div>\n<p>[\/vc_column_text][vc_column_text css=&#8221;.vc_custom_1762872429171{margin-top: 40px !important;padding-bottom: 20px !important;}&#8221;]<\/p>\n<div style=\"font-size: 14px; font-weight: 300; font-family: 'Poppins', sans-serif; color: #292929;\">Sami jeste\u015bmy sportowcami. Dlatego wszystkie imprezy, kt\u00f3re organizujemy, musz\u0105 by\u0107 dopi\u0119te na ostatni guzik, \u017ceby\u015bmy wr\u0119cz sami chcieli w nich wystartowa\u0107. Wbrew pozorom jest to jednak do\u015b\u0107 trudna praca. Ale jak pokazuj\u0105 opinie naszych klient\u00f3w: umiemy to robi\u0107 dobrze!<\/div>\n<p>[\/vc_column_text][\/vc_column][vc_column width=&#8221;1\/2&#8243;][vc_raw_html css=&#8221;&#8221;]JTNDaWZyYW1lJTIwd2lkdGglM0QlMjI1NjAlMjIlMjBoZWlnaHQlM0QlMjIzMTUlMjIlMjBzcmMlM0QlMjJodHRwcyUzQSUyRiUyRnd3dy55b3V0dWJlLmNvbSUyRmVtYmVkJTJGT0pXZW5obFprVjglM0ZzaSUzRFlweDlXS0FyZWkzRHZyU28lMjIlMjB0aXRsZSUzRCUyMllvdVR1YmUlMjB2aWRlbyUyMHBsYXllciUyMiUyMGZyYW1lYm9yZGVyJTNEJTIyMCUyMiUyMGFsbG93JTNEJTIyYWNjZWxlcm9tZXRlciUzQiUyMGF1dG9wbGF5JTNCJTIwY2xpcGJvYXJkLXdyaXRlJTNCJTIwZW5jcnlwdGVkLW1lZGlhJTNCJTIwZ3lyb3Njb3BlJTNCJTIwcGljdHVyZS1pbi1waWN0dXJlJTNCJTIwd2ViLXNoYXJlJTIyJTIwcmVmZXJyZXJwb2xpY3klM0QlMjJzdHJpY3Qtb3JpZ2luLXdoZW4tY3Jvc3Mtb3JpZ2luJTIyJTIwYWxsb3dmdWxsc2NyZWVuJTNFJTNDJTJGaWZyYW1lJTNF[\/vc_raw_html][\/vc_column][\/vc_row][vc_row][vc_column]<div class=\"fh-history \">\n            <div class=\"history-list owl-carousel\" id=\"history-slider-69d77ee06a11d\"><div class=\"history\"><div class=\"history-header clearfix\"><div class=\"date\">2020<\/div><h3 class=\"title\">powstanie firmy eventowej WAKE UP<\/h3><\/div><div class=\"history-desc\"><p>KRS oficjalnie wpisuje w swoich rejestrach powstanie sp\u00f3\u0142ki WAKE UP sp. z o.o. z siedzib\u0105 w Bydgoszczy <\/p><\/div><\/div><div class=\"history\"><div class=\"history-header clearfix\"><div class=\"date\">2021<\/div><h3 class=\"title\">organizujemy sw\u00f3j pierwszy event<\/h3><\/div><div class=\"history-desc\"><p>W samym \u015brodku pandemii organizujemy konferencj\u0119 TEDx w Bydgoszczy w dziedzinie technologii, nauki i rozrywki.<\/p><\/div><\/div><div class=\"history\"><div class=\"history-header clearfix\"><div class=\"date\">2022<\/div><h3 class=\"title\">nasza pierwsza wsp\u00f3\u0142praca<\/h3><\/div><div class=\"history-desc\"><p>Nawi\u0105zujemy strategiczn\u0105 wsp\u00f3\u0142prac\u0119 z bydgosk\u0105 Fundacj\u0105 Fabryka Rado\u015bci. Od tej pory kolejne eventy organizujemy ju\u017c razem.<\/p><\/div><\/div><div class=\"history\"><div class=\"history-header clearfix\"><div class=\"date\">2023<\/div><h3 class=\"title\">rozwijamy now\u0105 mark\u0119<\/h3><\/div><div class=\"history-desc\"><p>We wsp\u00f3\u0142pracy z Lasami Pa\u0144stwowymi organizujemy format weekendowych oboz\u00f3w sportowych dla doros\u0142ych WAKE CAMP. <\/p><\/div><\/div><div class=\"history\"><div class=\"history-header clearfix\"><div class=\"date\">2024<\/div><h3 class=\"title\">Wielonek Triathlon Challenge<\/h3><\/div><div class=\"history-desc\"><p>We wsp\u00f3\u0142pracy z Gmin\u0105 Lubiewo i O\u015brodkiem Wrzos w Wielonku organizujemy zawody triathlonowe w najpi\u0119kniejszym miejscu w regionie - nad Zalewem Koronowskim! <\/p><\/div><\/div><div class=\"history\"><div class=\"history-header clearfix\"><div class=\"date\">2025<\/div><h3 class=\"title\">Wielonek Trail Festival<\/h3><\/div><div class=\"history-desc\"><p>Korzystaj\u0105c z go\u015bcinno\u015bci Wielonka i Nadle\u015bnictwa Zamrzenica - na mapie Bor\u00f3w Tucholskich powstaj\u0105 nowe zawody biegowe w formule trailowej.<\/p><\/div><\/div><div class=\"history\"><div class=\"history-header clearfix\"><\/div><\/div><div class=\"history\"><div class=\"history-header clearfix\"><\/div><\/div><\/div>\n        <\/div>[\/vc_column][\/vc_row][vc_row css=&#8221;.vc_custom_1496134378191{padding-top: 60px !important;padding-bottom: 50px !important;}&#8221;][vc_column]<div class=\"fh-section-title clearfix  text-center style-1 version-dark\"><div class=\"container\"><h2>Poznaj <span class=\"main-color\">naszych ludzi<\/span><\/h2><\/div><\/div>[vc_row_inner css=&#8221;.vc_custom_1496133799934{margin-top: 50px !important;}&#8221;][vc_column_inner width=&#8221;1\/3&#8243;]<div class=\"fh-team  style-2\">\n\t\t\t\t<div class=\"team-member\">\n\t\t\t\t\t<img decoding=\"async\" class=\"\" src=\"https:\/\/wakeup.org.pl\/new\/wp-content\/uploads\/2025\/11\/IMG_0625.jpg\" width=\"370\" height=\"250\" alt=\"Klafa\" title=\"IMG_0625\" loading=\"lazy\" \/>\n\t\t\t\t\t<div class=\"socials socials-1\">\n\t\t\t\t\t\t<ul class=\"list-social clearfix\">\n\t\t\t\t\t\t\t\n\t\t\t\t\t\t<\/ul>\n\t\t\t\t\t<\/div>\n\t\t\t\t<\/div>\n\t\t\t\t<div class=\"team-header info\"><h4 class=\"name\">Micha\u0142 Klafetka<\/h4><span class=\"job\">Prezes Zarz\u0105du<\/span><\/div>\n\t\t\t\t<div class=\"team-content\">\n\t\t\t\t\t<div class=\"info\">\n\t\t\t\t\t\t<h4 class=\"name\">Micha\u0142 Klafetka<\/h4>\n\t\t\t\t\t\t<span class=\"job\">Prezes Zarz\u0105du<\/span>\n\t\t\t\t\t\t<p>Triathlonista oraz ultratriathlonista. Prezes naszej firmy w wyniku wygranej potyczki papier-kamie\u0144-no\u017cyczki.<\/p>\n\t\t\t\t\t<\/div>\n\t\t\t\t\t<div class=\"website\"><i class=\"fa fa-envelope-o\" aria-hidden=\"true\"><\/i><\/div>\n\t\t\t\t\t<div class=\"socials socials-2\">\n\t\t\t\t\t\t<ul class=\"list-social clearfix\">\n\t\t\t\t\t\t\t\n\t\t\t\t\t\t<\/ul>\n\t\t\t\t\t<\/div>\n\t\t\t\t<\/div>\n\t\t\t<\/div>[\/vc_column_inner][vc_column_inner width=&#8221;1\/3&#8243;]<div class=\"fh-team  style-2\">\n\t\t\t\t<div class=\"team-member\">\n\t\t\t\t\t<img decoding=\"async\" class=\"\" src=\"https:\/\/wakeup.org.pl\/new\/wp-content\/uploads\/2025\/11\/3D0A0294.jpg\" width=\"370\" height=\"250\" alt=\"3D0A0294\" title=\"3D0A0294\" loading=\"lazy\" \/>\n\t\t\t\t\t<div class=\"socials socials-1\">\n\t\t\t\t\t\t<ul class=\"list-social clearfix\">\n\t\t\t\t\t\t\t<li class=\"linkedin\">\n\t\t\t\t\t<a href=\"https:\/\/www.linkedin.com\/in\/maciejlenc\" target=\"_blank\">\n\t\t\t\t\t\t<i class=\"fa fa-linkedin\"><\/i>\n\t\t\t\t\t<\/a>\n\t\t\t\t<\/li>\n\t\t\t\t\t\t<\/ul>\n\t\t\t\t\t<\/div>\n\t\t\t\t<\/div>\n\t\t\t\t<div class=\"team-header info\"><h4 class=\"name\">Maciej Lenc<\/h4><span class=\"job\">Dyrektor Zawod\u00f3w<\/span><\/div>\n\t\t\t\t<div class=\"team-content\">\n\t\t\t\t\t<div class=\"info\">\n\t\t\t\t\t\t<h4 class=\"name\">Maciej Lenc<\/h4>\n\t\t\t\t\t\t<span class=\"job\">Dyrektor Zawod\u00f3w<\/span>\n\t\t\t\t\t\t<p>Pomys\u0142odawca zawod\u00f3w Wielonek Triathlon Challenge oraz Wielonek Trail Festival. Organizator wszystkich naszych event\u00f3w oraz g\u0142\u00f3wny tw\u00f3rca na naszym kanale YouTube.<\/p>\n\t\t\t\t\t<\/div>\n\t\t\t\t\t<div class=\"website\"><i class=\"fa fa-envelope-o\" aria-hidden=\"true\"><\/i><\/div>\n\t\t\t\t\t<div class=\"socials socials-2\">\n\t\t\t\t\t\t<ul class=\"list-social clearfix\">\n\t\t\t\t\t\t\t<li class=\"linkedin\">\n\t\t\t\t\t<a href=\"https:\/\/www.linkedin.com\/in\/maciejlenc\" target=\"_blank\">\n\t\t\t\t\t\t<i class=\"fa fa-linkedin\"><\/i>\n\t\t\t\t\t<\/a>\n\t\t\t\t<\/li>\n\t\t\t\t\t\t<\/ul>\n\t\t\t\t\t<\/div>\n\t\t\t\t<\/div>\n\t\t\t<\/div>[\/vc_column_inner][vc_column_inner width=&#8221;1\/3&#8243;]<div class=\"fh-team  style-2\">\n\t\t\t\t<div class=\"team-member\">\n\t\t\t\t\t<img decoding=\"async\" class=\"\" src=\"https:\/\/wakeup.org.pl\/new\/wp-content\/uploads\/2025\/11\/3D0A0249-1-3.jpg\" width=\"370\" height=\"250\" alt=\"3D0A0249 (1)\" title=\"3D0A0249 (1)\" loading=\"lazy\" \/>\n\t\t\t\t\t<div class=\"socials socials-1\">\n\t\t\t\t\t\t<ul class=\"list-social clearfix\">\n\t\t\t\t\t\t\t<li class=\"instagram\">\n\t\t\t\t\t<a href=\"https:\/\/www.instagram.com\/jacek_szulc_trener\" target=\"_blank\">\n\t\t\t\t\t\t<i class=\"fa fa-instagram\"><\/i>\n\t\t\t\t\t<\/a>\n\t\t\t\t<\/li>\n\t\t\t\t\t\t<\/ul>\n\t\t\t\t\t<\/div>\n\t\t\t\t<\/div>\n\t\t\t\t<div class=\"team-header info\"><h4 class=\"name\">Jacek Szulc<\/h4><span class=\"job\">Media Team Leader<\/span><\/div>\n\t\t\t\t<div class=\"team-content\">\n\t\t\t\t\t<div class=\"info\">\n\t\t\t\t\t\t<h4 class=\"name\">Jacek Szulc<\/h4>\n\t\t\t\t\t\t<span class=\"job\">Media Team Leader<\/span>\n\t\t\t\t\t\t<p>Podczas event\u00f3w zazwyczaj mo\u017cna go spotka\u0107 z kamer\u0105 w r\u0119ku. Poza tym jest niezwykle utalentowanym trenerem personalnym - przygotowuje motorycznie triathlonist\u00f3w oraz biegaczy do start\u00f3w w zawodach sportowych.<\/p>\n\t\t\t\t\t<\/div>\n\t\t\t\t\t<div class=\"website\"><i class=\"fa fa-envelope-o\" aria-hidden=\"true\"><\/i><\/div>\n\t\t\t\t\t<div class=\"socials socials-2\">\n\t\t\t\t\t\t<ul class=\"list-social clearfix\">\n\t\t\t\t\t\t\t<li class=\"instagram\">\n\t\t\t\t\t<a href=\"https:\/\/www.instagram.com\/jacek_szulc_trener\" target=\"_blank\">\n\t\t\t\t\t\t<i class=\"fa fa-instagram\"><\/i>\n\t\t\t\t\t<\/a>\n\t\t\t\t<\/li>\n\t\t\t\t\t\t<\/ul>\n\t\t\t\t\t<\/div>\n\t\t\t\t<\/div>\n\t\t\t<\/div>[\/vc_column_inner][\/vc_row_inner][vc_row_inner css=&#8221;.vc_custom_1496133799934{margin-top: 50px !important;}&#8221;][vc_column_inner width=&#8221;1\/4&#8243;]<div class=\"fh-team  style-2\">\n\t\t\t\t<div class=\"team-member\">\n\t\t\t\t\t<img decoding=\"async\" class=\"\" src=\"https:\/\/wakeup.org.pl\/new\/wp-content\/uploads\/2025\/11\/IMG_0625-1.jpg\" width=\"370\" height=\"250\" alt=\"Hania\" title=\"IMG_0625\" loading=\"lazy\" \/>\n\t\t\t\t\t<div class=\"socials socials-1\">\n\t\t\t\t\t\t<ul class=\"list-social clearfix\">\n\t\t\t\t\t\t\t<li class=\"rss\">\n\t\t\t\t\t<a href=\"http:\/\/championsswim.pl\" target=\"_blank\">\n\t\t\t\t\t\t<i class=\"fa fa-rss\"><\/i>\n\t\t\t\t\t<\/a>\n\t\t\t\t<\/li>\n\t\t\t\t\t\t<\/ul>\n\t\t\t\t\t<\/div>\n\t\t\t\t<\/div>\n\t\t\t\t<div class=\"team-header info\"><h4 class=\"name\">Hania Bakuniak<\/h4><span class=\"job\">trenerka p\u0142ywania<\/span><\/div>\n\t\t\t\t<div class=\"team-content\">\n\t\t\t\t\t<div class=\"info\">\n\t\t\t\t\t\t<h4 class=\"name\">Hania Bakuniak<\/h4>\n\t\t\t\t\t\t<span class=\"job\">trenerka p\u0142ywania<\/span>\n\t\t\t\t\t\t<p>Hania organizuje m.in. Focus Ice Swimming czy 24h Bydgoszcz Open Water Swimming. Poza tym od wielu lat jest utytu\u0142owan\u0105 p\u0142ywaczk\u0105, a nawet dwukrotn\u0105 rekordzistk\u0105 Guinessa. Prowadzi szko\u0142\u0119 p\u0142ywania Champions Swim.<\/p>\n\t\t\t\t\t<\/div>\n\t\t\t\t\t<div class=\"website\"><i class=\"fa fa-envelope-o\" aria-hidden=\"true\"><\/i><\/div>\n\t\t\t\t\t<div class=\"socials socials-2\">\n\t\t\t\t\t\t<ul class=\"list-social clearfix\">\n\t\t\t\t\t\t\t<li class=\"rss\">\n\t\t\t\t\t<a href=\"http:\/\/championsswim.pl\" target=\"_blank\">\n\t\t\t\t\t\t<i class=\"fa fa-rss\"><\/i>\n\t\t\t\t\t<\/a>\n\t\t\t\t<\/li>\n\t\t\t\t\t\t<\/ul>\n\t\t\t\t\t<\/div>\n\t\t\t\t<\/div>\n\t\t\t<\/div>[\/vc_column_inner][vc_column_inner width=&#8221;1\/4&#8243;]<div class=\"fh-team  style-2\">\n\t\t\t\t<div class=\"team-member\">\n\t\t\t\t\t<img decoding=\"async\" class=\"\" src=\"https:\/\/wakeup.org.pl\/new\/wp-content\/uploads\/2025\/11\/3D0A0249-1.jpg\" width=\"370\" height=\"250\" alt=\"Adrian\" title=\"3D0A0249 (1)\" loading=\"lazy\" \/>\n\t\t\t\t\t<div class=\"socials socials-1\">\n\t\t\t\t\t\t<ul class=\"list-social clearfix\">\n\t\t\t\t\t\t\t<li class=\"instagram\">\n\t\t\t\t\t<a href=\"https:\/\/www.instagram.com\/adrian.klarkowski\" target=\"_blank\">\n\t\t\t\t\t\t<i class=\"fa fa-instagram\"><\/i>\n\t\t\t\t\t<\/a>\n\t\t\t\t<\/li>\n\t\t\t\t\t\t<\/ul>\n\t\t\t\t\t<\/div>\n\t\t\t\t<\/div>\n\t\t\t\t<div class=\"team-header info\"><h4 class=\"name\">Adrian Klarkowski<\/h4><span class=\"job\">trener mentalny<\/span><\/div>\n\t\t\t\t<div class=\"team-content\">\n\t\t\t\t\t<div class=\"info\">\n\t\t\t\t\t\t<h4 class=\"name\">Adrian Klarkowski<\/h4>\n\t\t\t\t\t\t<span class=\"job\">trener mentalny<\/span>\n\t\t\t\t\t\t<p>Wspiera mentalnie m\u0142odych sportowc\u00f3w i rodzic\u00f3w, pomaga zamienia\u0107 stres w pewno\u015b\u0107 siebie. Wsp\u00f3\u0142pracuje z wicemistrzem Europy w darcie.<\/p>\n\t\t\t\t\t<\/div>\n\t\t\t\t\t<div class=\"website\"><i class=\"fa fa-envelope-o\" aria-hidden=\"true\"><\/i><\/div>\n\t\t\t\t\t<div class=\"socials socials-2\">\n\t\t\t\t\t\t<ul class=\"list-social clearfix\">\n\t\t\t\t\t\t\t<li class=\"instagram\">\n\t\t\t\t\t<a href=\"https:\/\/www.instagram.com\/adrian.klarkowski\" target=\"_blank\">\n\t\t\t\t\t\t<i class=\"fa fa-instagram\"><\/i>\n\t\t\t\t\t<\/a>\n\t\t\t\t<\/li>\n\t\t\t\t\t\t<\/ul>\n\t\t\t\t\t<\/div>\n\t\t\t\t<\/div>\n\t\t\t<\/div>[\/vc_column_inner][vc_column_inner width=&#8221;1\/4&#8243;]<div class=\"fh-team  style-2\">\n\t\t\t\t<div class=\"team-member\">\n\t\t\t\t\t<img decoding=\"async\" class=\"\" src=\"https:\/\/wakeup.org.pl\/new\/wp-content\/uploads\/2025\/11\/3D0A0249-1-2.jpg\" width=\"370\" height=\"250\" alt=\"3D0A0249 (1)\" title=\"3D0A0249 (1)\" loading=\"lazy\" \/>\n\t\t\t\t\t<div class=\"socials socials-1\">\n\t\t\t\t\t\t<ul class=\"list-social clearfix\">\n\t\t\t\t\t\t\t\n\t\t\t\t\t\t<\/ul>\n\t\t\t\t\t<\/div>\n\t\t\t\t<\/div>\n\t\t\t\t<div class=\"team-header info\"><h4 class=\"name\">Ania Olszak<\/h4><span class=\"job\">media team<\/span><\/div>\n\t\t\t\t<div class=\"team-content\">\n\t\t\t\t\t<div class=\"info\">\n\t\t\t\t\t\t<h4 class=\"name\">Ania Olszak<\/h4>\n\t\t\t\t\t\t<span class=\"job\">media team<\/span>\n\t\t\t\t\t\t<p>Zaczyna\u0142a jako uczestniczka naszych event\u00f3w, a z czasem do\u0142\u0105czy\u0142a do zespo\u0142u. Anga\u017cuje si\u0119 w wiele etap\u00f3w tworzenia projekt\u00f3w, natomiast najcz\u0119\u015bciej podczas wydarze\u0144 odpowiada za social media oraz video.<\/p>\n\t\t\t\t\t<\/div>\n\t\t\t\t\t<div class=\"website\"><i class=\"fa fa-envelope-o\" aria-hidden=\"true\"><\/i><\/div>\n\t\t\t\t\t<div class=\"socials socials-2\">\n\t\t\t\t\t\t<ul class=\"list-social clearfix\">\n\t\t\t\t\t\t\t\n\t\t\t\t\t\t<\/ul>\n\t\t\t\t\t<\/div>\n\t\t\t\t<\/div>\n\t\t\t<\/div>[\/vc_column_inner][vc_column_inner width=&#8221;1\/4&#8243;]<div class=\"fh-team  style-2\">\n\t\t\t\t<div class=\"team-member\">\n\t\t\t\t\t<img decoding=\"async\" class=\"\" src=\"https:\/\/wakeup.org.pl\/new\/wp-content\/uploads\/2025\/11\/3D0A0249-1-1.jpg\" width=\"370\" height=\"250\" alt=\"Marek\" title=\"3D0A0249 (1)\" loading=\"lazy\" \/>\n\t\t\t\t\t<div class=\"socials socials-1\">\n\t\t\t\t\t\t<ul class=\"list-social clearfix\">\n\t\t\t\t\t\t\t<li class=\"facebook\">\n\t\t\t\t\t<a href=\"http:\/\/www.facebook.com\/marek.zeglicz\" target=\"_blank\">\n\t\t\t\t\t\t<i class=\"fa fa-facebook\"><\/i>\n\t\t\t\t\t<\/a>\n\t\t\t\t<\/li>\n\t\t\t\t\t\t<\/ul>\n\t\t\t\t\t<\/div>\n\t\t\t\t<\/div>\n\t\t\t\t<div class=\"team-header info\"><h4 class=\"name\">Marek \u017beglicz<\/h4><span class=\"job\">wolontariusz<\/span><\/div>\n\t\t\t\t<div class=\"team-content\">\n\t\t\t\t\t<div class=\"info\">\n\t\t\t\t\t\t<h4 class=\"name\">Marek \u017beglicz<\/h4>\n\t\t\t\t\t\t<span class=\"job\">wolontariusz<\/span>\n\t\t\t\t\t\t<p>Szerzej znany jako Sportowy KocuR. Anga\u017cuje si\u0119 w wiele wydarze\u0144 sportowych jako wolontariusz lub zawodnik.<\/p>\n\t\t\t\t\t<\/div>\n\t\t\t\t\t<div class=\"website\"><i class=\"fa fa-envelope-o\" aria-hidden=\"true\"><\/i><\/div>\n\t\t\t\t\t<div class=\"socials socials-2\">\n\t\t\t\t\t\t<ul class=\"list-social clearfix\">\n\t\t\t\t\t\t\t<li class=\"facebook\">\n\t\t\t\t\t<a href=\"http:\/\/www.facebook.com\/marek.zeglicz\" target=\"_blank\">\n\t\t\t\t\t\t<i class=\"fa fa-facebook\"><\/i>\n\t\t\t\t\t<\/a>\n\t\t\t\t<\/li>\n\t\t\t\t\t\t<\/ul>\n\t\t\t\t\t<\/div>\n\t\t\t\t<\/div>\n\t\t\t<\/div>[\/vc_column_inner][\/vc_row_inner][\/vc_column][\/vc_row][vc_row enable_parallax=&#8221;yes&#8221; css=&#8221;.vc_custom_1762090275548{padding-top: 80px !important;padding-bottom: 50px !important;background-image: url(https:\/\/wakeup.org.pl\/new\/wp-content\/uploads\/2025\/11\/3D0A9398.jpg?id=768) !important;}&#8221;][vc_column width=&#8221;1\/3&#8243;]<div class=\"fh-counter  style-1\">\n\t\t\t\t <span class=\"fh-icon\"><i class=\"fa fa-line-chart\"><\/i><\/span>\n                <div class=\"counter\">\n                \t<div class=\"value\">50<\/div>\n                \t<span>+<\/span>\n                <\/div>\n                <h4>zrealizowanych projekt\u00f3w<\/h4>\n\n            <\/div>[\/vc_column][vc_column width=&#8221;1\/3&#8243;]<div class=\"fh-counter  style-1\">\n\t\t\t\t <span class=\"fh-icon\"><i class=\"fa fa-tv\"><\/i><\/span>\n                <div class=\"counter\">\n                \t<div class=\"value\">115767<\/div>\n                \t<span><\/span>\n                <\/div>\n                <h4>ods\u0142on miesi\u0119cznie<\/h4>\n\n            <\/div>[\/vc_column][vc_column width=&#8221;1\/3&#8243;]<div class=\"fh-counter  style-1\">\n\t\t\t\t <span class=\"fh-icon\"><i class=\"fa fa-users\"><\/i><\/span>\n                <div class=\"counter\">\n                \t<div class=\"value\">12000<\/div>\n                \t<span>+<\/span>\n                <\/div>\n                <h4>uczestnik\u00f3w naszych event\u00f3w<\/h4>\n\n            <\/div>[\/vc_column][\/vc_row][vc_row css=&#8221;.vc_custom_1496134429143{padding-top: 55px !important;padding-bottom: 55px !important;background-color: #fafafa !important;}&#8221;][vc_column]<div class=\"fh-section-title clearfix  text-left style-3 version-dark\"><div class=\"container\"><h2>Partnerzy <span class=\"main-color\">WAKE UP<\/span><\/h2><\/div><\/div>[vc_column_text css=&#8221;&#8221;]<\/p>\n<div class=\"fh-partner clearfix dark\" data-autoplay=\"true\">\n<div class=\"list-item owl-carousel\">\n<div class=\"partner-item\">\n<div class=\"partner-content\"><a href=\"https:\/\/portalkujawski.pl\" target=\"_blank\" rel=\"noopener\"><img decoding=\"async\" src=\"https:\/\/wakeup.org.pl\/new\/wp-content\/uploads\/2025\/11\/1-1.png\" alt=\"portalkujawski\" \/><\/a><\/div>\n<\/div>\n<div class=\"partner-item\">\n<div class=\"partner-content\"><a href=\"https:\/\/centrumrowerowe.pl\" target=\"_blank\" rel=\"noopener\"><img decoding=\"async\" src=\"https:\/\/wakeup.org.pl\/new\/wp-content\/uploads\/2025\/11\/2-2.png\" alt=\"centrumrowerowe\" \/><\/a><\/div>\n<\/div>\n<div class=\"partner-item\">\n<div class=\"partner-content\"><a href=\"https:\/\/wielonek.eu\" target=\"_blank\" rel=\"noopener\"><img decoding=\"async\" src=\"https:\/\/wakeup.org.pl\/new\/wp-content\/uploads\/2025\/11\/4-1.png\" alt=\"wielonekwrzos\" \/><\/a><\/div>\n<\/div>\n<div class=\"partner-item\">\n<div class=\"partner-content\"><a href=\"https:\/\/pasiekajanczarczyk.pl\" target=\"_blank\" rel=\"noopener\"><img decoding=\"async\" src=\"https:\/\/wakeup.org.pl\/new\/wp-content\/uploads\/2025\/11\/Projekt-bez-nazwy-18.png\" alt=\"pasiekajanczarczyk\" \/><\/a><\/div>\n<\/div>\n<div class=\"partner-item\">\n<div class=\"partner-content\"><a href=\"https:\/\/wakeup.org.pl\/new\/wp-content\/uploads\/2025\/11\/3-1.png\" target=\"_blank\" rel=\"noopener\"><img decoding=\"async\" src=\"https:\/\/wakeup.org.pl\/new\/wp-content\/uploads\/2025\/11\/3-1.png\" alt=\"championsswim\" \/><\/a><\/div>\n<\/div>\n<\/div>\n<\/div>\n<p>[\/vc_column_text][\/vc_column][\/vc_row]<\/p>\n<\/div>","protected":false},"excerpt":{"rendered":"<p>[vc_row css=&#8221;.vc_custom_1496126818377{padding-top: 70px !important;}&#8221;][vc_column width=&#8221;1\/2&#8243;][vc_column_text css=&#8221;.vc_custom_1762872481236{margin-top: 40px !important;padding-bottom: 20px !important;}&#8221;] Organizujemy niebanalne wydarzenia.&hellip;<\/p>\n","protected":false},"author":1,"featured_media":0,"parent":0,"menu_order":0,"comment_status":"closed","ping_status":"closed","template":"template-fullwidth.php","meta":{"_uag_custom_page_level_css":"","footnotes":""},"class_list":["post-76","page","type-page","status-publish","hentry","no-thumb"],"uagb_featured_image_src":{"full":false,"thumbnail":false,"medium":false,"medium_large":false,"large":false,"1536x1536":false,"2048x2048":false,"gardenhub-blog-thumb":false,"gardenhub-blog-grid-2-thumb":false,"gardenhub-blog-grid-3-thumb":false,"gardenhub-widget-thumb":false,"gardenhub-latest-post-owl-thumb":false,"gardenhub-single-project-thumb":false,"gardenhub-project-grid-thumb":false,"gardenhub-project-gallery-1-thumb":false,"gardenhub-project-gallery-2-thumb":false,"gardenhub-project-gallery-3-thumb":false,"gardenhub-project-gallery-4-thumb":false,"gardenhub-testimonial-thumb":false},"uagb_author_info":{"display_name":"admin","author_link":"https:\/\/wakeup.org.pl\/new\/author\/admin\/"},"uagb_comment_info":0,"uagb_excerpt":"[vc_row css=&#8221;.vc_custom_1496126818377{padding-top: 70px !important;}&#8221;][vc_column width=&#8221;1\/2&#8243;][vc_column_text css=&#8221;.vc_custom_1762872481236{margin-top: 40px !important;padding-bottom: 20px !important;}&#8221;] Organizujemy niebanalne wydarzenia.&hellip;","_links":{"self":[{"href":"https:\/\/wakeup.org.pl\/new\/wp-json\/wp\/v2\/pages\/76","targetHints":{"allow":["GET"]}}],"collection":[{"href":"https:\/\/wakeup.org.pl\/new\/wp-json\/wp\/v2\/pages"}],"about":[{"href":"https:\/\/wakeup.org.pl\/new\/wp-json\/wp\/v2\/types\/page"}],"author":[{"embeddable":true,"href":"https:\/\/wakeup.org.pl\/new\/wp-json\/wp\/v2\/users\/1"}],"replies":[{"embeddable":true,"href":"https:\/\/wakeup.org.pl\/new\/wp-json\/wp\/v2\/comments?post=76"}],"version-history":[{"count":40,"href":"https:\/\/wakeup.org.pl\/new\/wp-json\/wp\/v2\/pages\/76\/revisions"}],"predecessor-version":[{"id":908,"href":"https:\/\/wakeup.org.pl\/new\/wp-json\/wp\/v2\/pages\/76\/revisions\/908"}],"wp:attachment":[{"href":"https:\/\/wakeup.org.pl\/new\/wp-json\/wp\/v2\/media?parent=76"}],"curies":[{"name":"wp","href":"https:\/\/api.w.org\/{rel}","templated":true}]}}